{"id":1024,"date":"2014-03-27T17:09:17","date_gmt":"2014-03-27T17:09:17","guid":{"rendered":"http:\/\/visitusinmaputo.com\/?page_id=1024"},"modified":"2019-11-01T10:31:23","modified_gmt":"2019-11-01T10:31:23","slug":"kontakt","status":"publish","type":"page","link":"https:\/\/visitusinmaputo.com\/?page_id=1024","title":{"rendered":"Contact"},"content":{"rendered":"<p>Det er alltid hyggelig \u00e5 h\u00f8re fra famile, venner og kjente. Send oss gjerne en mail eller legg igjen en melding nederst p\u00e5 siden.<\/p>\n<p><img loading=\"lazy\" decoding=\"async\" class=\"aligncenter alt=\" src=\"https:\/\/visitusinmaputo.com\/wordpress\/wp-content\/uploads\/2014\/03\/qpxrznyx.jpg\" alt=\"\" width=\"600\" height=\"400\"><\/p>\n<p>&nbsp;<\/p>\n<p><iframe loading=\"lazy\" title=\"Fanjove\" src=\"https:\/\/player.vimeo.com\/video\/76948390?dnt=1&amp;app_id=122963\" width=\"584\" height=\"329\" frameborder=\"0\" allow=\"autoplay; fullscreen; picture-in-picture; clipboard-write\"><\/iframe><\/p>\n","protected":false},"excerpt":{"rendered":"<p>Det er alltid hyggelig \u00e5 h\u00f8re fra famile, venner og kjente. Send oss gjerne en mail eller legg igjen en melding nederst p\u00e5 siden. &nbsp;<\/p>\n","protected":false},"author":1,"featured_media":0,"parent":0,"menu_order":5,"comment_status":"open","ping_status":"closed","template":"","meta":{"ngg_post_thumbnail":0,"footnotes":""},"class_list":["post-1024","page","type-page","status-publish","hentry"],"_links":{"self":[{"href":"https:\/\/visitusinmaputo.com\/index.php?rest_route=\/wp\/v2\/pages\/1024","targetHints":{"allow":["GET"]}}],"collection":[{"href":"https:\/\/visitusinmaputo.com\/index.php?rest_route=\/wp\/v2\/pages"}],"about":[{"href":"https:\/\/visitusinmaputo.com\/index.php?rest_route=\/wp\/v2\/types\/page"}],"author":[{"embeddable":true,"href":"https:\/\/visitusinmaputo.com\/index.php?rest_route=\/wp\/v2\/users\/1"}],"replies":[{"embeddable":true,"href":"https:\/\/visitusinmaputo.com\/index.php?rest_route=%2Fwp%2Fv2%2Fcomments&post=1024"}],"version-history":[{"count":6,"href":"https:\/\/visitusinmaputo.com\/index.php?rest_route=\/wp\/v2\/pages\/1024\/revisions"}],"predecessor-version":[{"id":6859,"href":"https:\/\/visitusinmaputo.com\/index.php?rest_route=\/wp\/v2\/pages\/1024\/revisions\/6859"}],"wp:attachment":[{"href":"https:\/\/visitusinmaputo.com\/index.php?rest_route=%2Fwp%2Fv2%2Fmedia&parent=1024"}],"curies":[{"name":"wp","href":"https:\/\/api.w.org\/{rel}","templated":true}]}}